{"id":864,"date":"2015-01-28T12:03:48","date_gmt":"2015-01-28T11:03:48","guid":{"rendered":"http:\/\/www.anzianienonsolo.it\/?page_id=864"},"modified":"2015-01-28T12:03:48","modified_gmt":"2015-01-28T11:03:48","slug":"corsi-di-formazione","status":"publish","type":"page","link":"https:\/\/www.anzianienonsolo.it\/online\/corsi-di-formazione\/","title":{"rendered":"Corsi di formazione"},"content":{"rendered":"<h2>Il SISTEMA FORMATIVO<\/h2>\n<h4>La piattaforma sviluppata da Anziani e non solo, \u00e8 un sistema per la formazione a distanza rivolto al settore sociale e dei servizi alla persona. Realizzato con particolare attenzione all\u2019utilizzo da parte di persone poco esperte all\u2019uso delle nuove tecnologie, si compone di corsi audio e video, test di valutazione, esercitazioni ed \u00e8 strutturato in modo da rendere semplice e immediato il contatto e il confronto con i docenti, anche a distanza.\u00a0La piattaforma pu\u00f2 essere altres\u00ec utilizzata per la realizzazione di corsi in modalit\u00e0\u00a0<em>blended<\/em>\u00a0(ovvero corsi in cui sono integrati e-learning e formazione in presenza).<\/h4>\n<h4><strong><img decoding=\"async\" class=\"alignleft  wp-image-913\" alt=\"corsi_caregiver_icona\" src=\"http:\/\/www.anzianienonsolo.it\/wp-content\/uploads\/2015\/01\/corsi_caregiver_icona-150x150.jpg\" width=\"90\" height=\"90\" srcset=\"https:\/\/www.anzianienonsolo.it\/online\/wp-content\/uploads\/2015\/01\/corsi_caregiver_icona-150x150.jpg 150w, https:\/\/www.anzianienonsolo.it\/online\/wp-content\/uploads\/2015\/01\/corsi_caregiver_icona-100x100.jpg 100w, https:\/\/www.anzianienonsolo.it\/online\/wp-content\/uploads\/2015\/01\/corsi_caregiver_icona-50x50.jpg 50w, https:\/\/www.anzianienonsolo.it\/online\/wp-content\/uploads\/2015\/01\/corsi_caregiver_icona.jpg 200w\" sizes=\"(max-width: 90px) 100vw, 90px\" \/><a href=\"http:\/\/www.anzianienonsolo.it\/corsi-di-formazione\/corso-per-caregiver\/\">CORSO PER CAREGIVER FAMILIARI<\/a><\/strong><br \/>\nQuasi sempre il familiare che diventa caregiver \u00e8 privo di preparazione specifica pur dovendo supportare in termini relazionali ed assistenziali persone prevalentemente non autosufficienti e con\u00a0patologie\u00a0sempre pi\u00f9 complesse. Oltre ad un impegno diretto, il caregiver familiare \u00e8 talvolta supportato da un\u2019assistente familiare (o badante) di cui diventa, direttamente o indirettamente, datore di lavoro. \u00a0In questo contesto, Anziani e non solo ha sviluppato un sistema formativo per le famiglie italiane che si prendono cura del proprio anziano. Il corso \u00e8 fruibile con due modalit\u00e0 : on line o tramite DVD. Per maggiori informazioni visita il nostro sito\u00a0<strong><a href=\"http:\/\/www.caregiverfamiliare.it\/?page_id=19\" target=\"_blank\" rel=\"noopener\">www.caregiverfamiliare.it<\/a><\/strong><\/h4>\n<h4><strong><img decoding=\"async\" class=\"alignleft  wp-image-914\" alt=\"Cors_ass_fam_1-1\" src=\"http:\/\/www.anzianienonsolo.it\/wp-content\/uploads\/2015\/01\/Cors_ass_fam_1-1-150x150.jpg\" width=\"90\" height=\"90\" srcset=\"https:\/\/www.anzianienonsolo.it\/online\/wp-content\/uploads\/2015\/01\/Cors_ass_fam_1-1-150x150.jpg 150w, https:\/\/www.anzianienonsolo.it\/online\/wp-content\/uploads\/2015\/01\/Cors_ass_fam_1-1-100x100.jpg 100w, https:\/\/www.anzianienonsolo.it\/online\/wp-content\/uploads\/2015\/01\/Cors_ass_fam_1-1-50x50.jpg 50w, https:\/\/www.anzianienonsolo.it\/online\/wp-content\/uploads\/2015\/01\/Cors_ass_fam_1-1.jpg 200w\" sizes=\"(max-width: 90px) 100vw, 90px\" \/><a href=\"http:\/\/www.anzianienonsolo.it\/corsi-di-formazione\/corso-per-assistenti-familiari\/\">CORSO PER ASSISTENTI FAMILIARI<\/a><\/strong><br \/>\nI corsi vengono tenuti sia in auto-formazione che in presenza. La fruizione di essi \u00e8 possibile quindi, grazie a tre modalit\u00e0: on line, DVD e corsi in aula organizzati a livello territoriale.I contenuti formativi multimediali comprendono: video, materiali di approfondimento da stampare, test ed esercitazioni, forum di confronto.<\/h4>\n<p>&nbsp;<\/p>\n<h4><strong><img decoding=\"async\" class=\"alignleft  wp-image-915\" alt=\"Validaz_comp_-1\" src=\"http:\/\/www.anzianienonsolo.it\/wp-content\/uploads\/2015\/01\/Validaz_comp_-1-150x150.jpg\" width=\"90\" height=\"90\" srcset=\"https:\/\/www.anzianienonsolo.it\/online\/wp-content\/uploads\/2015\/01\/Validaz_comp_-1-150x150.jpg 150w, https:\/\/www.anzianienonsolo.it\/online\/wp-content\/uploads\/2015\/01\/Validaz_comp_-1-100x100.jpg 100w, https:\/\/www.anzianienonsolo.it\/online\/wp-content\/uploads\/2015\/01\/Validaz_comp_-1-50x50.jpg 50w, https:\/\/www.anzianienonsolo.it\/online\/wp-content\/uploads\/2015\/01\/Validaz_comp_-1.jpg 200w\" sizes=\"(max-width: 90px) 100vw, 90px\" \/><a href=\"http:\/\/www.anzianienonsolo.it\/corsi-di-formazione\/validazione-delle-competenze\/\">CORSO DI VALIDAZIONE DELLE COMPETENZE DELLE ASSISTENTI FAMILIARI<\/a><br \/>\n<\/strong>In Italia un considerevole numero di assistenti familiari\/badanti, non ha effettuato percorsi formativi specifici sul lavoro di cura ma ha accumulato significative competenze attraverso esperienze lavorative.\u00a0Per valorizzare il \u201ccapitale\u201d professionale accumulato nell\u2019esperienza lavorativa e favorire l\u2019incontro domanda\/offerta di lavoro di cura qualificato, la piattaforma Aspasia, nell\u2019ambito nel Progetto Leonardo \u201cTalenti di cura\u201d offre uno specifica formazione e conoscenza del sistema di validazione delle competenze. Per maggiori informazioni vai al sito\u00a0<a href=\"http:\/\/www.talentidicura.it\/\" target=\"_blank\" rel=\"noopener\">http:\/\/www.talentidicura.it<\/a><\/h4>\n<h4><strong><a href=\"http:\/\/www.anzianienonsolo.it\/wp-content\/uploads\/2015\/01\/AssisteremalatoSLA1.jpg\"><img loading=\"lazy\" decoding=\"async\" class=\"alignleft  wp-image-916\" alt=\"AssisteremalatoSLA1\" src=\"http:\/\/www.anzianienonsolo.it\/wp-content\/uploads\/2015\/01\/AssisteremalatoSLA1-150x150.jpg\" width=\"90\" height=\"90\" srcset=\"https:\/\/www.anzianienonsolo.it\/online\/wp-content\/uploads\/2015\/01\/AssisteremalatoSLA1-150x150.jpg 150w, https:\/\/www.anzianienonsolo.it\/online\/wp-content\/uploads\/2015\/01\/AssisteremalatoSLA1-100x100.jpg 100w, https:\/\/www.anzianienonsolo.it\/online\/wp-content\/uploads\/2015\/01\/AssisteremalatoSLA1-50x50.jpg 50w, https:\/\/www.anzianienonsolo.it\/online\/wp-content\/uploads\/2015\/01\/AssisteremalatoSLA1.jpg 200w\" sizes=\"(max-width: 90px) 100vw, 90px\" \/><\/a><a href=\"http:\/\/www.anzianienonsolo.it\/corsi-di-formazione\/corso-su-come-assistere-un-malato-di-sla\/\">CORSO PER COLORO CHE ASSISTONO UN MALATO DI SLA<\/a><\/strong><br \/>\nAnziani e non solo ha realizzato il corso online\u00a0<b>&#8220;Assistere i malati di SLA: elementi formativi di base&#8221;<\/b>. \u00a0Le unit\u00e0 didattiche di questo corso approfondiscono tematiche di tipo assistenziale quali la respirazione, l&#8217;alimentazione, la mobilit\u00e0 e la comunicazione e informazioni sugli aspetti psicologici e la rete di servizi.<\/h4>\n<h4><\/h4>\n<h4><strong><img loading=\"lazy\" decoding=\"async\" class=\"alignleft  wp-image-917\" alt=\"Corso_italiano-1\" src=\"http:\/\/www.anzianienonsolo.it\/wp-content\/uploads\/2015\/01\/Corso_italiano-1-150x150.jpg\" width=\"90\" height=\"90\" srcset=\"https:\/\/www.anzianienonsolo.it\/online\/wp-content\/uploads\/2015\/01\/Corso_italiano-1-150x150.jpg 150w, https:\/\/www.anzianienonsolo.it\/online\/wp-content\/uploads\/2015\/01\/Corso_italiano-1-100x100.jpg 100w, https:\/\/www.anzianienonsolo.it\/online\/wp-content\/uploads\/2015\/01\/Corso_italiano-1-50x50.jpg 50w, https:\/\/www.anzianienonsolo.it\/online\/wp-content\/uploads\/2015\/01\/Corso_italiano-1.jpg 200w\" sizes=\"(max-width: 90px) 100vw, 90px\" \/><a href=\"http:\/\/www.anzianienonsolo.it\/corsi-di-formazione\/corso-di-italiano-per-stranieri\/\">CORSI DI ITALIANO PER STRANIERI<\/a><\/strong><br \/>\nAnziani e non solo ha realizzato due percorsi formativi per il perfezionamento della lingua italiana progettati per specifici ambiti professionali:\u00a0un corso rivolto a coloro che svolgono attivit\u00e0 nell&#8217;ambito della cura (disponibile anche un percorso per operatori del settore turistico).\u00a0I corsi combinano l&#8217;apprendimento della lingua con contenuti e linguaggi utili a chi opera nei diversi settori. Per maggiori informazioni.<\/h4>\n<h4><strong><a href=\"http:\/\/www.anzianienonsolo.it\/wp-content\/uploads\/2015\/01\/Corso_abuso_Anzianilabel1.jpg\"><img loading=\"lazy\" decoding=\"async\" class=\"alignleft size-full wp-image-918\" alt=\"Corso_abuso_Anzianilabel1\" src=\"http:\/\/www.anzianienonsolo.it\/wp-content\/uploads\/2015\/01\/Corso_abuso_Anzianilabel1.jpg\" width=\"100\" height=\"100\" srcset=\"https:\/\/www.anzianienonsolo.it\/online\/wp-content\/uploads\/2015\/01\/Corso_abuso_Anzianilabel1.jpg 100w, https:\/\/www.anzianienonsolo.it\/online\/wp-content\/uploads\/2015\/01\/Corso_abuso_Anzianilabel1-50x50.jpg 50w\" sizes=\"(max-width: 100px) 100vw, 100px\" \/><\/a><a href=\"http:\/\/www.anzianienonsolo.it\/corsi-di-formazione\/corso-sugli-abusi-verso-le-persone-anziane\/\">GLI ABUSI VERSO \u00a0LE PERSONE ANZIANE<\/a><\/strong><br \/>\nSecondo l&#8217;Organizzazione Mondiale della Sanit\u00e0, \u201cL&#8217;Abuso agli anziani \u00e8 un atto, singolo o ripetuto, o la mancanza di atto appropriato, che si verifichi nell\u2019ambito di una qualsiasi relazione ove vi sia un\u2019aspettativa di fiducia e che causi danno o sofferenza a una persona anziana.\u201d Anziani e non solo, avvalendosi della collaborazione di un legale e di esperti del settore, ha creato un\u00a0corso interattivo per: \u00a0capire cos\u2019\u00e8 l\u2019abuso agli anziani, approfondire\u00a0la tutela secondo\u00a0l\u2019ordinamento italiano,\u00a0saper riconoscere un abuso ed infine\u00a0prevenirli ed affrontarli.<\/h4>\n<h4>**\u00a0<strong>Il Consiglio Nazionale dell&#8217;Ordine degli Assistenti sociali ha riconosciuto al Corso FaD \u201cGli abusi verso le persone anziane\u201d \u00a04 crediti formativi.<\/strong><\/h4>\n<h4><a href=\"http:\/\/www.anzianienonsolo.it\/wp-content\/uploads\/2013\/09\/taglio41.jpg\"><img loading=\"lazy\" decoding=\"async\" class=\"alignleft  wp-image-240\" alt=\"taglio4\" src=\"http:\/\/www.anzianienonsolo.it\/wp-content\/uploads\/2013\/09\/taglio41-150x150.jpg\" width=\"100\" height=\"100\" srcset=\"https:\/\/www.anzianienonsolo.it\/online\/wp-content\/uploads\/2013\/09\/taglio41-150x150.jpg 150w, https:\/\/www.anzianienonsolo.it\/online\/wp-content\/uploads\/2013\/09\/taglio41-300x300.jpg 300w, https:\/\/www.anzianienonsolo.it\/online\/wp-content\/uploads\/2013\/09\/taglio41-100x100.jpg 100w, https:\/\/www.anzianienonsolo.it\/online\/wp-content\/uploads\/2013\/09\/taglio41-50x50.jpg 50w, https:\/\/www.anzianienonsolo.it\/online\/wp-content\/uploads\/2013\/09\/taglio41-320x320.jpg 320w\" sizes=\"(max-width: 100px) 100vw, 100px\" \/><\/a>CORSO PER ASSISTERE I MALATI DI DEMENZA E MORBO DI ALZHEIMER<br \/>\nAnziani e non solo ha realizzato il corso online \u201cAssistere i malati di demenza e Morbo di Alzheimer: elementi formativi di base\u201d. Le unit\u00e0 didattiche di questo corso approfondiscono i temi collegati alle demenze e i disturbi comportamentali ad esse correlati, focalizzando l\u2019attenzione sugli aspetti cognitivi e tecniche di stimolazione.<\/h4>\n<p>&nbsp;<br \/>\n<strong>Per informazioni, visita la piattaforma FAD all&#8217;indirizzo\u00a0<\/strong><br \/>\n<strong><a href=\"http:\/\/formazione.anzianienonsolo.it\" target=\"_blank\" rel=\"noopener\">formazione.anzianienonsolo.it<\/a>\u00a0o contattaci allo\u00a0<\/strong><strong>059 545421 &#8211; <a href=\"mailto:info@anzianienonsolo.it\">info@anzianienonsolo.it<\/a><\/strong><br \/>\n&nbsp;<\/p>\n","protected":false},"excerpt":{"rendered":"<p>Il SISTEMA FORMATIVO La piattaforma sviluppata da Anziani e non solo, \u00e8 un sistema per la formazione a distanza rivolto al settore sociale e dei servizi alla persona. Realizzato con particolare attenzione all\u2019utilizzo da parte di persone poco esperte all\u2019uso delle nuove tecnologie, si compone di corsi audio e video, test di valutazione, esercitazioni ed<\/p>\n","protected":false},"author":1,"featured_media":0,"parent":0,"menu_order":0,"comment_status":"open","ping_status":"open","template":"page-template-fullwidth.php","meta":{"footnotes":""},"categories":[],"tags":[],"class_list":["post-864","page","type-page","status-publish","hentry"],"_links":{"self":[{"href":"https:\/\/www.anzianienonsolo.it\/online\/wp-json\/wp\/v2\/pages\/864"}],"collection":[{"href":"https:\/\/www.anzianienonsolo.it\/online\/wp-json\/wp\/v2\/pages"}],"about":[{"href":"https:\/\/www.anzianienonsolo.it\/online\/wp-json\/wp\/v2\/types\/page"}],"author":[{"embeddable":true,"href":"https:\/\/www.anzianienonsolo.it\/online\/wp-json\/wp\/v2\/users\/1"}],"replies":[{"embeddable":true,"href":"https:\/\/www.anzianienonsolo.it\/online\/wp-json\/wp\/v2\/comments?post=864"}],"version-history":[{"count":0,"href":"https:\/\/www.anzianienonsolo.it\/online\/wp-json\/wp\/v2\/pages\/864\/revisions"}],"wp:attachment":[{"href":"https:\/\/www.anzianienonsolo.it\/online\/wp-json\/wp\/v2\/media?parent=864"}],"wp:term":[{"taxonomy":"category","embeddable":true,"href":"https:\/\/www.anzianienonsolo.it\/online\/wp-json\/wp\/v2\/categories?post=864"},{"taxonomy":"post_tag","embeddable":true,"href":"https:\/\/www.anzianienonsolo.it\/online\/wp-json\/wp\/v2\/tags?post=864"}],"curies":[{"name":"wp","href":"https:\/\/api.w.org\/{rel}","templated":true}]}}