{"id":480,"date":"2014-10-06T10:51:23","date_gmt":"2014-10-06T10:51:23","guid":{"rendered":"http:\/\/www.informanziani.it\/Eden\/?page_id=480"},"modified":"2014-10-06T10:51:23","modified_gmt":"2014-10-06T10:51:23","slug":"formazione-professionale-e-linguistica","status":"publish","type":"page","link":"https:\/\/www.anzianienonsolo.it\/online\/assistenti-familiari-2\/formazione-professionale-e-linguistica\/","title":{"rendered":"Formazione professionale e linguistica"},"content":{"rendered":"<h4>ANS ha sviluppato nel 2004 ASPASIA, un sistema formativo multimediale e multilingue per assistenti familiari utilizzabile sia in auto-formazione a distanza che in modalit\u00e0 integrata (auto-formazione e lezioni in aula). Da allora, il sistema ASPASIA \u00e8 stato utilizzato con migliaia di utenti su tutto il territorio nazionale ed \u00e8 stato integrato in numerosi progetti di innovazione nell\u2019assistenza familiare. Per saperne di pi\u00f9 <a href=\"http:\/\/equalaspasia.it\/platform\/\">http:\/\/equalaspasia.it\/platform\/<\/a><\/h4>\n<h3>Progetti e attivit\u00e0:<\/h3>\n<p><strong>Tenderness4life<\/strong> &#8211; La priorit\u00e0 \u00e8 lo sviluppo di competenze chiave tra coloro che svolgono professioni nell&#8217;ambito del lavoro di cura, al fine di facilitare il mantenimento dei posti di lavoro e l&#8217;avanzamento di  carriera attraverso l&#8217;apprendimento permanente e l&#8217;istruzione e la formazione continua.<br \/>\n<a href=\"http:\/\/www.burnoutproject.net\/\" target=\"_blank\" rel=\"noopener\"><strong>JOBIS<\/strong><\/a><br \/>\nJobis mira a sviluppare e contenuti formativi e moduli didattici su piattaforma e-learning mirati ad evitare il burn out tra gli operatori, infermieri e studenti-infermieri di cinque paesi europei (Romania, Lituania, Polonia, Italia e Cipro).<\/br><\/p>\n<p><img decoding=\"async\" alt=\"icona_link2\" src=\"http:\/\/www.informanziani.it\/Eden\/wp-content\/uploads\/2014\/10\/icona_link2.jpg\" width=\"15\" height=\"15\" \/>\u00a0<b><a href=\"http:\/\/www.burnoutproject.net\/\">http:\/\/www.burnoutproject.net\/<\/a><\/b><\/br><\/p>\n<hr align=\u201dleft\u201d size=\u201d1\u2033 width=\u201d300\u2033 color=\u201dred\u201d noshade>\n\u2022 <strong>Corso online per assistenti familiari di malati di SLA<\/strong> (<em>Sclerosi Laterale Amiotrofica<\/em>): uno dei pi\u00f9 recenti prodotti di ANS \u00e8 un corso in auto-formazione (integrabile con formazione in aula) rivolto in modo specifico a chi assiste malati di SLA. Si tratta di una patologia estremamente complessa alla quale ANS ha voluto dedicare un corso mirato, integrativo rispetto al corso di base per assistenti familiari \u201cAspasia\u201d.<br \/>\n<img decoding=\"async\" alt=\"icona_link2\" src=\"http:\/\/www.informanziani.it\/Eden\/wp-content\/uploads\/2014\/10\/icona_link2.jpg\" width=\"15\" height=\"15\" \/>\u00a0<b><a href=\"http:\/\/campus.anzianienonsolo.it\">campus.anzianienonsolo.it<\/a><\/b><\/p>\n<hr align=\u201dleft\u201d size=\u201d1\u2033 width=\u201d300\u2033 color=\u201dred\u201d noshade>\n<img decoding=\"async\" class=\"alignleft  wp-image-578\" alt=\"mingle\" src=\"http:\/\/www.informanziani.it\/Eden\/wp-content\/uploads\/2014\/10\/mingle-120x150.jpg\" width=\"60\" height=\"75\" \/>\u2022 <b>LLP-GRU \u201cMingle\u201d- <\/b>Mingle \u00e8 un progetto Grundtvig che ha realizzato un corso di italiano in e-learning per assistenti familiari. Le diverse funzioni linguistiche (grammaticali, lessicali, ortografiche, di comprensione etc\u2026) sono tutte connesse all\u2019ambito professionale della cura\u00a0 e tutte le attivit\u00e0 didattiche sono studiate per trasferire contenuti utili all\u2019ambito professionale (es. come ottenere una ricetta medica, come leggere le etichette dei capi di abbigliamento, la prevenzione delle piaghe da decubito etc\u2026).<br \/>\n<img decoding=\"async\" class=\"alignleft size-full wp-image-575\" style=\"border: 0px; margin: 0px;\" alt=\"icona_link2\" src=\"http:\/\/www.informanziani.it\/Eden\/wp-content\/uploads\/2014\/10\/icona_link2.jpg\" width=\"15\" height=\"15\" \/>\u00a0<strong><a href=\"http:\/\/mingle.exus.co.uk\/\" target=\"_blank\" rel=\"noopener\">http:\/\/mingle.exus.co.uk<\/a> &#8211; <a href=\"http:\/\/www.anzianienonsolo.it\/wp-content\/uploads\/2014\/10\/MINGLE-Flyer-IT_v2.pdf\" target=\"_blank\" rel=\"noopener\">Scarica il volantino del progetto<\/a><br \/>\n<\/strong><\/p>\n<hr align=\u201dleft\u201d size=\u201d1\u2033 width=\u201d300\u2033 color=\u201dred\u201d noshade>\n<a href=\"http:\/\/www.informanziani.it\/Eden\/wp-content\/uploads\/2014\/10\/icona_burnout.jpg\"><img loading=\"lazy\" decoding=\"async\" class=\"alignleft size-full wp-image-582\" alt=\"icona_burnout\" src=\"http:\/\/www.informanziani.it\/Eden\/wp-content\/uploads\/2014\/10\/icona_burnout.jpg\" width=\"60\" height=\"75\" \/><\/a><br \/>\n<b>Prevenzione del burn out per gli operatori della cura \u2013 <\/b>ANS ha realizzato per conto della rete InforJOB il progetto Grundtvig \u201cPrevenire gli effetti del burn out\u201d e ha sviluppato dei moduli didattici specifici per assistenti familiari e operatori della cura.<br \/>\n<img decoding=\"async\" alt=\"icona_link2\" src=\"http:\/\/www.informanziani.it\/Eden\/wp-content\/uploads\/2014\/10\/icona_link2.jpg\" width=\"15\" height=\"15\" \/><strong>\u00a0<a href=\"http:\/\/www.burnoutproject.net\/\">http:\/\/www.burnoutproject.net<\/a><\/strong><\/p>\n<hr align=\u201dleft\u201d size=\u201d1\u2033 width=\u201d300\u2033 color=\u201dred\u201d noshade>\n\u2022 <b>Home Care Premium:<\/b> nell\u2019ambito del programma Home Care Premium, finanziato dall\u2019ex-INPDAP, Anziani e non solo si \u00e8 occupato della formazione di assistenti familiari e famigliari caregiver, per conto del Comune di Parma, dell\u2019Unione delle Terre d\u2019Argine, del Comune di Rovigo (in partenariato con l\u2019Agenzia per il lavoro Umana).<br \/>\n\u2022 <b>Comune di Nuoro \u2013 2014:<\/b> nell\u2019ambito del progetto Home Care Premium ANS \u00e8 risultato assegnatario, in partenariato con il Consorzio SOL.CO. Nuoro, di cui fa parte, del bando per la realizzazione dei DVD didattici per l\u2019auto-formazione delle assistenti familiari. <b><\/b><br \/>\n\u2022 <b>Corsi per assistenti familiari &#8211; UMANAFORMA<\/b>\u00a0: ANS organizza su tutto il territorio nazionale, in collaborazione con l\u2019Agenzia per il lavoro UMANA, corsi di formazione per assistenti familiari integrando il metodo ASPASIA e quello Talenti di Cura.<br \/>\n\u2022 <b>Unione dei Comuni della Pianura Reggiana \u2013 corsi di formazione per assistenti familiari e caregiver familiari (2013):<\/b> ANS ha realizzato sul territorio dell\u2019Unione delle Terre d\u2019Argine numerose edizioni di percorsi formativi per assistenti familiari e caregiver familiari.<br \/>\n\u2022 <b>Unione dei Comuni delle Terre d\u2019Argine \u2013 corsi di formazione per assistenti familiari e caregiver familiari (2013 &#8211; 2012):<\/b> ANS ha realizzato sul territorio dell\u2019Unione delle Terre d\u2019Argine numerose edizioni di percorsi formativi per assistenti familiari e caregiver familiari.<br \/>\n\u2022 <b>Sportelli ASPASIA <\/b>\u2013 gli strumenti di formazione, validazione e incontro domanda offerta di lavoro di cura sviluppati da ANS sono utilizzati dalla rete degli Sportelli \u201cAspasia\u201d presenti su tutto il territorio della Provincia di Ferrara.<br \/>\n\u2022 <b>LLP-LDV SET-CARE <\/b>ha l\u2019obiettivo di adattare il corso di formazione per assistenti familiari ASPASIA, sviluppato da ANS, affinch\u00e9 possa essere utilizzato in Grecia e in Bulgaria, Paese da cui provengono la maggior parte delle assistenti familiari greche che\u2014come accade in Italia\u2014 operano spesso in condizioni di disagio sociale e in assenza di formazione specifica.\u00a0<img decoding=\"async\" alt=\"icona_link2\" src=\"http:\/\/www.informanziani.it\/Eden\/wp-content\/uploads\/2014\/10\/icona_link2.jpg\" width=\"15\" height=\"15\" \/>\u00a0<strong><a href=\"http:\/\/www.setcare.eu\/\" target=\"_blank\" rel=\"noopener\">http:\/\/www.setcare.eu<\/a><\/strong><br \/>\n\u2022 <b>ASSAP &#8211; <\/b>politiche attive per l\u2019inserimento lavorativo e la qualificazione professionale nel settore dei servizi di cura o di assistenza in quattro Regioni Obiettivo Convergenza (Puglia, Calabria, Campania e Sicilia)<br \/>\n\u2022 <b>Progetto \u201cVerso un nuovo welfare \/ Aspasia Ferrara\u201d<\/b>\u00a0 Il progetto nasce delle attivit\u00e0 di mainstreaming del progetto Equal Aspasia. Il progetto ha consentito l\u2019apertura di quattro\u00a0 punti informativi nella Provincia di Ferrara per fornire informazioni, orientamento, formazione e incontro domanda \/ offerta di lavoro ad assistenti familiari e famiglie. Il progetto \u00e8 stato finanziato dalla Regione Emilia Romagna.<br \/>\n\u2022 <b>PIC Equal \u2013 Azione 2 Aspasia<\/b> Realizzazione e sperimentazione territoriale di strumenti e servizi volti a favorire l\u2019inclusione sociale e professionale di assistenti familiari. Il progetto ha realizzato pacchetti formative sulle competenze assistenziali di base e ha aperto tre punti informativi in Emilia Romagna, Puglia e Sicilia per fornire informazioni, supporto, opportunit\u00e0 formative, incontro domanda offerta di lavoro a badanti e famiglie.<br \/>\n&nbsp;<br \/>\n&nbsp;<\/p>\n","protected":false},"excerpt":{"rendered":"<p>ANS ha sviluppato nel 2004 ASPASIA, un sistema formativo multimediale e multilingue per assistenti familiari utilizzabile sia in auto-formazione a distanza che in modalit\u00e0 integrata (auto-formazione e lezioni in aula). Da allora, il sistema ASPASIA \u00e8 stato utilizzato con migliaia di utenti su tutto il territorio nazionale ed \u00e8 stato integrato in numerosi progetti di<\/p>\n","protected":false},"author":1,"featured_media":1597,"parent":360,"menu_order":0,"comment_status":"open","ping_status":"open","template":"page-template-fullwidth.php","meta":{"footnotes":""},"categories":[],"tags":[],"class_list":["post-480","page","type-page","status-publish","has-post-thumbnail","hentry"],"_links":{"self":[{"href":"https:\/\/www.anzianienonsolo.it\/online\/wp-json\/wp\/v2\/pages\/480"}],"collection":[{"href":"https:\/\/www.anzianienonsolo.it\/online\/wp-json\/wp\/v2\/pages"}],"about":[{"href":"https:\/\/www.anzianienonsolo.it\/online\/wp-json\/wp\/v2\/types\/page"}],"author":[{"embeddable":true,"href":"https:\/\/www.anzianienonsolo.it\/online\/wp-json\/wp\/v2\/users\/1"}],"replies":[{"embeddable":true,"href":"https:\/\/www.anzianienonsolo.it\/online\/wp-json\/wp\/v2\/comments?post=480"}],"version-history":[{"count":0,"href":"https:\/\/www.anzianienonsolo.it\/online\/wp-json\/wp\/v2\/pages\/480\/revisions"}],"up":[{"embeddable":true,"href":"https:\/\/www.anzianienonsolo.it\/online\/wp-json\/wp\/v2\/pages\/360"}],"wp:featuredmedia":[{"embeddable":true,"href":"https:\/\/www.anzianienonsolo.it\/online\/wp-json\/wp\/v2\/media\/1597"}],"wp:attachment":[{"href":"https:\/\/www.anzianienonsolo.it\/online\/wp-json\/wp\/v2\/media?parent=480"}],"wp:term":[{"taxonomy":"category","embeddable":true,"href":"https:\/\/www.anzianienonsolo.it\/online\/wp-json\/wp\/v2\/categories?post=480"},{"taxonomy":"post_tag","embeddable":true,"href":"https:\/\/www.anzianienonsolo.it\/online\/wp-json\/wp\/v2\/tags?post=480"}],"curies":[{"name":"wp","href":"https:\/\/api.w.org\/{rel}","templated":true}]}}